{"id":49,"date":"2022-03-28T19:29:26","date_gmt":"2022-03-28T18:29:26","guid":{"rendered":"https:\/\/workout.wordifysites.com\/?page_id=49"},"modified":"2025-12-16T17:36:56","modified_gmt":"2025-12-16T17:36:56","slug":"trainers","status":"publish","type":"page","link":"https:\/\/gcoach.pro\/index.php\/trainers\/","title":{"rendered":"COACH"},"content":{"rendered":"\n<section class=\"gb-element-e2e7bceb\">\n<h2 class=\"gb-text-6be2d0a3\"><span class=\"gb-shape\"><svg viewBox=\"0 0 218.28 17.62\" xmlns=\"http:\/\/www.w3.org\/2000\/svg\" data-name=\"Capa 1\"><path d=\"M0 0h217.92v17.62H0z\"><\/path><\/svg><\/span><span class=\"gb-text\">\u00e0 propos de moi<\/span><\/h2>\n\n\n\n<div class=\"gb-element-d7bdc1d0\"><\/div>\n<\/section>\n\n\n\n<section class=\"gb-element-cd066f4f\">\n<div class=\"gb-element-f5207550\">\n<div class=\"gb-element-fafc3972\">\n<h2 class=\"gb-text gb-text-1c33ec2c\"><\/h2>\n\n\n\n<p class=\"gb-text gb-text-0bdac1ed\">Passionn\u00e9 par la performance et le d\u00e9passement de soi, je suis coach sportif dipl\u00f4m\u00e9 BPJEPS, sp\u00e9cialis\u00e9 en pr\u00e9paration physique, renforcement musculaire, prise de masse, et r\u00e9athl\u00e9tisation.<\/p>\n\n\n\n<p class=\"has-base-color has-text-color has-link-color wp-elements-428a173a4d2944c4971fd37a704ed643\">Egalement certifi\u00e9 en nutrition sportive et en pr\u00e9paration mentale, j&rsquo;accompagne chaque personne de mani\u00e8re globale: physique, alimentation, mental et hygi\u00e8ne de vie.<\/p>\n\n\n\n<p class=\"has-base-color has-text-color has-link-color wp-elements-8cdf78e77e7f1fb54fd0b198ccb7c33b\">Mon objectif: t&rsquo;aider \u00e0 progresser durablement, avec une m\u00e9thode claire, adapt\u00e9e \u00e0 ton niveau, et ax\u00e9e sur la sant\u00e9, la technique et la discipline.<\/p>\n<\/div>\n\n\n\n<img loading=\"lazy\" decoding=\"async\" width=\"1080\" height=\"1521\" class=\"gb-media-1ace1530\" src=\"http:\/\/gcoach.pro\/wp-content\/uploads\/2025\/12\/moi.jpg\" title=\"moi\" alt=\"\" srcset=\"https:\/\/gcoach.pro\/wp-content\/uploads\/2025\/12\/moi.jpg 1080w, https:\/\/gcoach.pro\/wp-content\/uploads\/2025\/12\/moi-213x300.jpg 213w, https:\/\/gcoach.pro\/wp-content\/uploads\/2025\/12\/moi-727x1024.jpg 727w, https:\/\/gcoach.pro\/wp-content\/uploads\/2025\/12\/moi-768x1082.jpg 768w\" sizes=\"auto, (max-width: 1080px) 100vw, 1080px\" \/>\n<\/div>\n<\/section>\n","protected":false},"excerpt":{"rendered":"<p>\u00e0 propos de moi Passionn\u00e9 par la performance et le d\u00e9passement de soi, je suis coach sportif dipl\u00f4m\u00e9 BPJEPS, sp\u00e9cialis\u00e9 en pr\u00e9paration physique, renforcement musculaire, &#8230; <a title=\"COACH\" class=\"read-more\" href=\"https:\/\/gcoach.pro\/index.php\/trainers\/\" aria-label=\"En savoir plus sur COACH\">Lire plus<\/a><\/p>\n","protected":false},"author":1,"featured_media":0,"parent":0,"menu_order":0,"comment_status":"closed","ping_status":"closed","template":"","meta":{"footnotes":""},"class_list":["post-49","page","type-page","status-publish"],"_links":{"self":[{"href":"https:\/\/gcoach.pro\/index.php\/wp-json\/wp\/v2\/pages\/49","targetHints":{"allow":["GET"]}}],"collection":[{"href":"https:\/\/gcoach.pro\/index.php\/wp-json\/wp\/v2\/pages"}],"about":[{"href":"https:\/\/gcoach.pro\/index.php\/wp-json\/wp\/v2\/types\/page"}],"author":[{"embeddable":true,"href":"https:\/\/gcoach.pro\/index.php\/wp-json\/wp\/v2\/users\/1"}],"replies":[{"embeddable":true,"href":"https:\/\/gcoach.pro\/index.php\/wp-json\/wp\/v2\/comments?post=49"}],"version-history":[{"count":4,"href":"https:\/\/gcoach.pro\/index.php\/wp-json\/wp\/v2\/pages\/49\/revisions"}],"predecessor-version":[{"id":1205,"href":"https:\/\/gcoach.pro\/index.php\/wp-json\/wp\/v2\/pages\/49\/revisions\/1205"}],"wp:attachment":[{"href":"https:\/\/gcoach.pro\/index.php\/wp-json\/wp\/v2\/media?parent=49"}],"curies":[{"name":"wp","href":"https:\/\/api.w.org\/{rel}","templated":true}]}}